{"id":372,"date":"2019-11-28T15:27:09","date_gmt":"2019-11-28T14:27:09","guid":{"rendered":"http:\/\/www.prebuild.aquarium-priem.de\/?page_id=372"},"modified":"2019-11-28T16:50:31","modified_gmt":"2019-11-28T15:50:31","slug":"aquarien-zubehoer","status":"publish","type":"page","link":"https:\/\/aquarium-priem.de\/index.php\/aquarien-zubehoer\/","title":{"rendered":"Aquarien-zubeh\u00f6r"},"content":{"rendered":"<!--themify_builder_content-->\n<div id=\"themify_builder_content-372\" data-postid=\"372\" class=\"themify_builder_content themify_builder_content-372 themify_builder tf_clear\">\n    \t\t\t<!-- module_row -->\n\t<div  data-css_id=\"5oi1031\" data-lazy=\"1\" class=\"module_row themify_builder_row fullwidth_row_container tb_5oi1031 tb_first tf_w tf_clearfix wow\" data-tf-animation=\"fadeIn\">\n\t    \t\t\t<div class=\"row_inner col_align_top tb_col_count_1 tf_box tf_rel\">\n\t\t            <div  data-lazy=\"1\" class=\"module_column tb-column col-full tb_0nw6010 first\">\n                                                        <div class=\"tb-column-inner tf_box tf_w\">\n                        <!-- module text -->\n<div  class=\"module module-text tb_sun8950  repeat  wow\" data-tf-animation=\"fadeInUp\" data-lazy=\"1\">\n        <div  class=\"tb_text_wrap\">\n    <h1 style=\\\"text-align: center;\\\">AQUARIEN ZUBEH\u00d6R<\/h1>    <\/div>\n<\/div>\n<!-- \/module text -->                    <\/div>\n                            <\/div>\n            \t    <\/div>\n\t    <!-- \/row_inner -->\n\t<\/div>\n\t<!-- \/module_row -->\n\t\t\t\t<!-- module_row -->\n\t<div  data-lazy=\"1\" class=\"module_row themify_builder_row tb_vkou055 tf_w tf_clearfix\">\n\t    \t\t\t<div class=\"row_inner gutter-none col_align_top tb_col_count_3 tf_box tf_rel\">\n\t\t            <div  data-lazy=\"1\" class=\"module_column tb-column col3-1 tb_k8vb150 first\">\n                                                        <div class=\"tb-column-inner tf_box tf_w\">\n                        <!-- module image -->\n<div  class=\"module module-image tb_yjja229   image-top tf_mw\" data-lazy=\"1\">\n        <div class=\"image-wrap tf_rel tf_mw\">\n\t\t    <img src=\"https:\/\/aquarium-priem.de\/wp-content\/uploads\/2019\/11\/2.jpg\" class=\"wp-post-image wp-image-392\" title=\"2\" alt=\"2\" srcset=\"https:\/\/aquarium-priem.de\/wp-content\/uploads\/2019\/11\/2.jpg 640w, https:\/\/aquarium-priem.de\/wp-content\/uploads\/2019\/11\/2-300x225.jpg 300w\" sizes=\"(max-width: 640px) 100vw, 640px\" \/>\t\n\t\t<\/div>\n\t<!-- \/image-wrap -->\n    \n    \t<\/div>\n<!-- \/module image --><!-- module image -->\n<div  class=\"module module-image tb_o9mg000   image-top tf_mw\" data-lazy=\"1\">\n        <div class=\"image-wrap tf_rel tf_mw\">\n\t\t    <img src=\"https:\/\/aquarium-priem.de\/wp-content\/uploads\/2019\/11\/6063200_CO2SET200_0518-1024x733.jpg\" class=\"wp-post-image wp-image-408\" title=\"6063200_CO2SET200_0518\" alt=\"6063200_CO2SET200_0518\" srcset=\"https:\/\/aquarium-priem.de\/wp-content\/uploads\/2019\/11\/6063200_CO2SET200_0518-1024x733.jpg 1024w, https:\/\/aquarium-priem.de\/wp-content\/uploads\/2019\/11\/6063200_CO2SET200_0518-300x215.jpg 300w, https:\/\/aquarium-priem.de\/wp-content\/uploads\/2019\/11\/6063200_CO2SET200_0518-768x550.jpg 768w, https:\/\/aquarium-priem.de\/wp-content\/uploads\/2019\/11\/6063200_CO2SET200_0518.jpg 1881w\" sizes=\"(max-width: 1024px) 100vw, 1024px\" \/>\t\n\t\t<\/div>\n\t<!-- \/image-wrap -->\n    \n    \t<\/div>\n<!-- \/module image -->                    <\/div>\n                            <\/div>\n                        <div  data-lazy=\"1\" class=\"module_column tb-column col3-1 tb_e5v6501\">\n                                                        <div class=\"tb-column-inner tf_box tf_w\">\n                        <!-- module image -->\n<div  class=\"module module-image tb_nrju103   image-top tf_mw\" data-lazy=\"1\">\n        <div class=\"image-wrap tf_rel tf_mw\">\n\t\t    <img src=\"https:\/\/aquarium-priem.de\/wp-content\/uploads\/2019\/11\/0541053_VariluxLED100_weiss_Det_0717-1024x767.jpg\" class=\"wp-post-image wp-image-395\" title=\"0541053_VariluxLED100_weiss_Det_0717\" alt=\"0541053_VariluxLED100_weiss_Det_0717\" srcset=\"https:\/\/aquarium-priem.de\/wp-content\/uploads\/2019\/11\/0541053_VariluxLED100_weiss_Det_0717-1024x767.jpg 1024w, https:\/\/aquarium-priem.de\/wp-content\/uploads\/2019\/11\/0541053_VariluxLED100_weiss_Det_0717-300x225.jpg 300w, https:\/\/aquarium-priem.de\/wp-content\/uploads\/2019\/11\/0541053_VariluxLED100_weiss_Det_0717-768x576.jpg 768w\" sizes=\"(max-width: 1024px) 100vw, 1024px\" \/>\t\n\t\t<\/div>\n\t<!-- \/image-wrap -->\n    \n    \t<\/div>\n<!-- \/module image --><!-- module image -->\n<div  class=\"module module-image tb_njl6143   image-top tf_mw\" data-lazy=\"1\">\n        <div class=\"image-wrap tf_rel tf_mw\">\n\t\t    <img src=\"https:\/\/aquarium-priem.de\/wp-content\/uploads\/2019\/11\/3.jpg\" class=\"wp-post-image wp-image-393\" title=\"3\" alt=\"3\" srcset=\"https:\/\/aquarium-priem.de\/wp-content\/uploads\/2019\/11\/3.jpg 640w, https:\/\/aquarium-priem.de\/wp-content\/uploads\/2019\/11\/3-300x225.jpg 300w\" sizes=\"(max-width: 640px) 100vw, 640px\" \/>\t\n\t\t<\/div>\n\t<!-- \/image-wrap -->\n    \n    \t<\/div>\n<!-- \/module image -->                    <\/div>\n                            <\/div>\n                        <div  data-lazy=\"1\" class=\"module_column tb-column col3-1 tb_9n4g907 last\">\n                                                        <div class=\"tb-column-inner tf_box tf_w\">\n                        <!-- module image -->\n<div  class=\"module module-image tb_lbrg000   image-top tf_mw\" data-lazy=\"1\">\n        <div class=\"image-wrap tf_rel tf_mw\">\n\t\t    <img src=\"https:\/\/aquarium-priem.de\/wp-content\/uploads\/2019\/11\/unnamed-file.jpg\" class=\"wp-post-image wp-image-391\" title=\"unnamed file\" alt=\"unnamed file\" srcset=\"https:\/\/aquarium-priem.de\/wp-content\/uploads\/2019\/11\/unnamed-file.jpg 640w, https:\/\/aquarium-priem.de\/wp-content\/uploads\/2019\/11\/unnamed-file-300x225.jpg 300w\" sizes=\"(max-width: 640px) 100vw, 640px\" \/>\t\n\t\t<\/div>\n\t<!-- \/image-wrap -->\n    \n    \t<\/div>\n<!-- \/module image --><!-- module image -->\n<div  class=\"module module-image tb_vej0091   image-top tf_mw\" data-lazy=\"1\">\n        <div class=\"image-wrap tf_rel tf_mw\">\n\t\t    <img src=\"https:\/\/aquarium-priem.de\/wp-content\/uploads\/2019\/11\/3548_Anwendung.png\" class=\"wp-post-image wp-image-410\" title=\"3548_Anwendung\" alt=\"3548_Anwendung\" srcset=\"https:\/\/aquarium-priem.de\/wp-content\/uploads\/2019\/11\/3548_Anwendung.png 1012w, https:\/\/aquarium-priem.de\/wp-content\/uploads\/2019\/11\/3548_Anwendung-300x237.png 300w, https:\/\/aquarium-priem.de\/wp-content\/uploads\/2019\/11\/3548_Anwendung-768x606.png 768w\" sizes=\"(max-width: 1012px) 100vw, 1012px\" \/>\t\n\t\t<\/div>\n\t<!-- \/image-wrap -->\n    \n    \t<\/div>\n<!-- \/module image -->                    <\/div>\n                            <\/div>\n            \t    <\/div>\n\t    <!-- \/row_inner -->\n\t<\/div>\n\t<!-- \/module_row -->\n\t\t\t\t<!-- module_row -->\n\t<div  data-lazy=\"1\" class=\"module_row themify_builder_row tb_7gzx509 tf_w tf_clearfix\">\n\t    \t\t\t<div class=\"row_inner col_align_top tb_col_count_1 tf_box tf_rel\">\n\t\t            <div  data-lazy=\"1\" class=\"module_column tb-column col-full tb_yak8811 first\">\n                                                        <div class=\"tb-column-inner tf_box tf_w\">\n                        <!-- module text -->\n<div  class=\"module module-text tb_knql059  repeat \" data-lazy=\"1\">\n        <div  class=\"tb_text_wrap\">\n    <p style=\\\"text-align: center;\\\">Was wir oben anbieten sind nur einige Muster aus vielf\u00e4ltigen M\u00f6glichkeiten,die f\u00fcr Sie verf\u00fcgbar sind.<\/p>\n<p style=\\\"text-align: center;\\\">Unter folgendem link finden Sie weitere Auswahl von M\u00f6glichen Wasserpflanzen<\/p>\n<p style=\\\"text-align: center;\\\"><a href=\\\"https:\/\/www.dropbox.com\/sh\/wwg38vf6vjnhndr\/AAAnmCSr3jWH6ZB8KDO2MW_Va?dl=0\\\">https:\/\/www.dropbox.com\/sh\/wwg38vf6vjnhndr\/AAAnmCSr3jWH6ZB8KDO2MW_Va?dl=0<\/a><\/p>\n<p style=\\\"text-align: center;\\\">Wie f\u00fchren vielf\u00e4ltige Zubeh\u00f6r ,welches Sie bei uns im Laden erhalten k\u00f6nnte oder welches wir f\u00fcr Sie bestellen k\u00f6nnen.<\/p>    <\/div>\n<\/div>\n<!-- \/module text -->                    <\/div>\n                            <\/div>\n            \t    <\/div>\n\t    <!-- \/row_inner -->\n\t<\/div>\n\t<!-- \/module_row -->\n\t<\/div>\n<!--\/themify_builder_content-->","protected":false},"excerpt":{"rendered":"<p>AQUARIEN ZUBEH\u00d6R Was wir oben anbieten sind nur einige Muster aus vielf\u00e4ltigen M\u00f6glichkeiten,die f\u00fcr Sie verf\u00fcgbar sind. Unter folgendem link finden Sie weitere Auswahl von M\u00f6glichen Wasserpflanzen https:\/\/www.dropbox.com\/sh\/wwg38vf6vjnhndr\/AAAnmCSr3jWH6ZB8KDO2MW_Va?dl=0 Wie f\u00fchren vielf\u00e4ltige Zubeh\u00f6r ,welches Sie bei uns im Laden erhalten k\u00f6nnte oder welches wir f\u00fcr Sie bestellen k\u00f6nnen.<\/p>\n","protected":false},"author":2,"featured_media":0,"parent":0,"menu_order":0,"comment_status":"closed","ping_status":"closed","template":"","meta":[],"builder_content":"<h1 style=\\\"text-align: center;\\\">AQUARIEN ZUBEH\u00d6R<\/h1>\n<img src=\"https:\/\/aquarium-priem.de\/wp-content\/uploads\/2019\/11\/2.jpg\" title=\"2\" alt=\"2\" srcset=\"https:\/\/aquarium-priem.de\/wp-content\/uploads\/2019\/11\/2.jpg 640w, https:\/\/aquarium-priem.de\/wp-content\/uploads\/2019\/11\/2-300x225.jpg 300w\" sizes=\"(max-width: 640px) 100vw, 640px\" \/>\n<img src=\"https:\/\/aquarium-priem.de\/wp-content\/uploads\/2019\/11\/6063200_CO2SET200_0518-1024x733.jpg\" title=\"6063200_CO2SET200_0518\" alt=\"6063200_CO2SET200_0518\" srcset=\"https:\/\/aquarium-priem.de\/wp-content\/uploads\/2019\/11\/6063200_CO2SET200_0518-1024x733.jpg 1024w, https:\/\/aquarium-priem.de\/wp-content\/uploads\/2019\/11\/6063200_CO2SET200_0518-300x215.jpg 300w, https:\/\/aquarium-priem.de\/wp-content\/uploads\/2019\/11\/6063200_CO2SET200_0518-768x550.jpg 768w, https:\/\/aquarium-priem.de\/wp-content\/uploads\/2019\/11\/6063200_CO2SET200_0518.jpg 1881w\" sizes=\"(max-width: 1024px) 100vw, 1024px\" \/>\n<img src=\"https:\/\/aquarium-priem.de\/wp-content\/uploads\/2019\/11\/0541053_VariluxLED100_weiss_Det_0717-1024x767.jpg\" title=\"0541053_VariluxLED100_weiss_Det_0717\" alt=\"0541053_VariluxLED100_weiss_Det_0717\" srcset=\"https:\/\/aquarium-priem.de\/wp-content\/uploads\/2019\/11\/0541053_VariluxLED100_weiss_Det_0717-1024x767.jpg 1024w, https:\/\/aquarium-priem.de\/wp-content\/uploads\/2019\/11\/0541053_VariluxLED100_weiss_Det_0717-300x225.jpg 300w, https:\/\/aquarium-priem.de\/wp-content\/uploads\/2019\/11\/0541053_VariluxLED100_weiss_Det_0717-768x576.jpg 768w\" sizes=\"(max-width: 1024px) 100vw, 1024px\" \/>\n<img src=\"https:\/\/aquarium-priem.de\/wp-content\/uploads\/2019\/11\/3.jpg\" title=\"3\" alt=\"3\" srcset=\"https:\/\/aquarium-priem.de\/wp-content\/uploads\/2019\/11\/3.jpg 640w, https:\/\/aquarium-priem.de\/wp-content\/uploads\/2019\/11\/3-300x225.jpg 300w\" sizes=\"(max-width: 640px) 100vw, 640px\" \/>\n<img src=\"https:\/\/aquarium-priem.de\/wp-content\/uploads\/2019\/11\/unnamed-file.jpg\" title=\"unnamed file\" alt=\"unnamed file\" srcset=\"https:\/\/aquarium-priem.de\/wp-content\/uploads\/2019\/11\/unnamed-file.jpg 640w, https:\/\/aquarium-priem.de\/wp-content\/uploads\/2019\/11\/unnamed-file-300x225.jpg 300w\" sizes=\"(max-width: 640px) 100vw, 640px\" \/>\n<img src=\"https:\/\/aquarium-priem.de\/wp-content\/uploads\/2019\/11\/3548_Anwendung.png\" title=\"3548_Anwendung\" alt=\"3548_Anwendung\" srcset=\"https:\/\/aquarium-priem.de\/wp-content\/uploads\/2019\/11\/3548_Anwendung.png 1012w, https:\/\/aquarium-priem.de\/wp-content\/uploads\/2019\/11\/3548_Anwendung-300x237.png 300w, https:\/\/aquarium-priem.de\/wp-content\/uploads\/2019\/11\/3548_Anwendung-768x606.png 768w\" sizes=\"(max-width: 1012px) 100vw, 1012px\" \/>\n<p style=\\\"text-align: center;\\\">Was wir oben anbieten sind nur einige Muster aus vielf\u00e4ltigen M\u00f6glichkeiten,die f\u00fcr Sie verf\u00fcgbar sind.<\/p> <p style=\\\"text-align: center;\\\">Unter folgendem link finden Sie weitere Auswahl von M\u00f6glichen Wasserpflanzen<\/p> <p style=\\\"text-align: center;\\\"><a href=\\\"https:\/\/www.dropbox.com\/sh\/wwg38vf6vjnhndr\/AAAnmCSr3jWH6ZB8KDO2MW_Va?dl=0\\\">https:\/\/www.dropbox.com\/sh\/wwg38vf6vjnhndr\/AAAnmCSr3jWH6ZB8KDO2MW_Va?dl=0<\/a><\/p> <p style=\\\"text-align: center;\\\">Wie f\u00fchren vielf\u00e4ltige Zubeh\u00f6r ,welches Sie bei uns im Laden erhalten k\u00f6nnte oder welches wir f\u00fcr Sie bestellen k\u00f6nnen.<\/p>","_links":{"self":[{"href":"https:\/\/aquarium-priem.de\/index.php\/wp-json\/wp\/v2\/pages\/372"}],"collection":[{"href":"https:\/\/aquarium-priem.de\/index.php\/wp-json\/wp\/v2\/pages"}],"about":[{"href":"https:\/\/aquarium-priem.de\/index.php\/wp-json\/wp\/v2\/types\/page"}],"author":[{"embeddable":true,"href":"https:\/\/aquarium-priem.de\/index.php\/wp-json\/wp\/v2\/users\/2"}],"replies":[{"embeddable":true,"href":"https:\/\/aquarium-priem.de\/index.php\/wp-json\/wp\/v2\/comments?post=372"}],"version-history":[{"count":14,"href":"https:\/\/aquarium-priem.de\/index.php\/wp-json\/wp\/v2\/pages\/372\/revisions"}],"predecessor-version":[{"id":423,"href":"https:\/\/aquarium-priem.de\/index.php\/wp-json\/wp\/v2\/pages\/372\/revisions\/423"}],"wp:attachment":[{"href":"https:\/\/aquarium-priem.de\/index.php\/wp-json\/wp\/v2\/media?parent=372"}],"curies":[{"name":"wp","href":"https:\/\/api.w.org\/{rel}","templated":true}]}}