{"id":43,"date":"2019-11-11T12:43:23","date_gmt":"2019-11-11T11:43:23","guid":{"rendered":"http:\/\/www.prebuild.aquarium-priem.de\/?page_id=43"},"modified":"2023-03-21T09:55:19","modified_gmt":"2023-03-21T08:55:19","slug":"vivaline","status":"publish","type":"page","link":"https:\/\/aquarium-priem.de\/index.php\/vivaline\/","title":{"rendered":"Vivaline"},"content":{"rendered":"<!--themify_builder_content-->\n<div id=\"themify_builder_content-43\" data-postid=\"43\" class=\"themify_builder_content themify_builder_content-43 themify_builder tf_clear\">\n    \t\t\t<!-- module_row -->\n\t<div  data-css_id=\"5l6e954\" data-lazy=\"1\" class=\"module_row themify_builder_row fullwidth_row_container tb_5l6e954 tb_first tf_w tf_clearfix wow\" data-tf-animation=\"fadeIn\">\n\t    \t\t\t<div class=\"row_inner col_align_top tb_col_count_1 tf_box tf_rel\">\n\t\t            <div  data-lazy=\"1\" class=\"module_column tb-column col-full tb_g03e252 first\">\n                                                        <div class=\"tb-column-inner tf_box tf_w\">\n                        <!-- module text -->\n<div  class=\"module module-text tb_nroi607  repeat  wow\" data-tf-animation=\"fadeInUp\" data-lazy=\"1\">\n        <div  class=\"tb_text_wrap\">\n    <h1>VIVALINE PRODUKTE<\/h1>    <\/div>\n<\/div>\n<!-- \/module text -->                    <\/div>\n                            <\/div>\n            \t    <\/div>\n\t    <!-- \/row_inner -->\n\t<\/div>\n\t<!-- \/module_row -->\n\t\t\t\t<!-- module_row -->\n\t<div  data-css_id=\"is7f020\" data-lazy=\"1\" class=\"module_row themify_builder_row fullwidth_row_container tb_is7f020 tf_w tf_clearfix\">\n\t    \t\t\t<div class=\"row_inner col_align_middle tb_col_count_2 tf_box tf_rel\">\n\t\t            <div  data-lazy=\"1\" class=\"module_column tb-column col4-2 tb_mgv1279 first\">\n                                                        <div class=\"tb-column-inner tf_box tf_w\">\n                        <!-- module text -->\n<div  class=\"module module-text tb_i2ub075  repeat  wow\" data-tf-animation=\"fadeInLeft\" data-lazy=\"1\">\n        <div  class=\"tb_text_wrap\">\n    <h3>vivalineLED 126\u00a0 LED<\/h3>\n<ul>\n<li>Gr\u00f6\u00dfe : 126 Liter<\/li>\n<li>Beleuchtung : LED<\/li>\n<li>Farben : In allen hier abgebildeten Farben erh\u00e4lt<\/li>\n<li>F\u00fcr alles weitere kontaktieren Sie uns<\/li>\n<\/ul>    <\/div>\n<\/div>\n<!-- \/module text -->                    <\/div>\n                            <\/div>\n                        <div  data-lazy=\"1\" class=\"module_column tb-column col4-2 tb_pwsb878 last\">\n                                                        <div class=\"tb-column-inner tf_box tf_w\">\n                        <!-- module image -->\n<div  class=\"module module-image tb_fm98610   image-top tf_mw wow\" data-tf-animation=\"fadeInRight\" data-lazy=\"1\">\n        <div class=\"image-wrap tf_rel tf_mw\">\n\t\t    <img src=\"https:\/\/aquarium-priem.de\/wp-content\/uploads\/2019\/11\/vivalineLED126_anthrazit_0816-802x1024-391x500.jpg\" height=\"500\" class=\"wp-post-image wp-image-324\" title=\"vivalineLED126_anthrazit_0816\" alt=\"vivalineLED126_anthrazit_0816\" srcset=\"https:\/\/aquarium-priem.de\/wp-content\/uploads\/2019\/11\/vivalineLED126_anthrazit_0816-802x1024-391x500.jpg 391w, https:\/\/aquarium-priem.de\/wp-content\/uploads\/2019\/11\/vivalineLED126_anthrazit_0816-235x300.jpg 235w, https:\/\/aquarium-priem.de\/wp-content\/uploads\/2019\/11\/vivalineLED126_anthrazit_0816-768x981.jpg 768w, https:\/\/aquarium-priem.de\/wp-content\/uploads\/2019\/11\/vivalineLED126_anthrazit_0816-802x1024.jpg 802w\" sizes=\"(max-width: 391px) 100vw, 391px\" \/>\t\n\t\t<\/div>\n\t<!-- \/image-wrap -->\n    \n    \t<\/div>\n<!-- \/module image -->                    <\/div>\n                            <\/div>\n            \t    <\/div>\n\t    <!-- \/row_inner -->\n\t<\/div>\n\t<!-- \/module_row -->\n\t\t\t\t<!-- module_row -->\n\t<div  data-css_id=\"up5h097\" data-lazy=\"1\" class=\"module_row themify_builder_row fullwidth_row_container tb_up5h097 tf_w tf_clearfix\">\n\t    \t\t\t<div class=\"row_inner col_align_middle tb_col_count_2 tf_box tf_rel\">\n\t\t            <div  data-lazy=\"1\" class=\"module_column tb-column col4-2 tb_ltx1790 first\">\n                                                        <div class=\"tb-column-inner tf_box tf_w\">\n                        <!-- module image -->\n<div  class=\"module module-image tb_mhf3760   image-top tf_mw wow\" data-tf-animation=\"fadeInLeft\" data-lazy=\"1\">\n        <div class=\"image-wrap tf_rel tf_mw\">\n\t\t    <img src=\"https:\/\/aquarium-priem.de\/wp-content\/uploads\/2019\/11\/vivalineLED150_eichegrau_0816-679x1024-331x500.jpg\" height=\"500\" class=\"wp-post-image wp-image-325\" title=\"vivalineLED150_eichegrau_0816\" alt=\"vivalineLED150_eichegrau_0816\" srcset=\"https:\/\/aquarium-priem.de\/wp-content\/uploads\/2019\/11\/vivalineLED150_eichegrau_0816-679x1024-331x500.jpg 331w, https:\/\/aquarium-priem.de\/wp-content\/uploads\/2019\/11\/vivalineLED150_eichegrau_0816-199x300.jpg 199w, https:\/\/aquarium-priem.de\/wp-content\/uploads\/2019\/11\/vivalineLED150_eichegrau_0816-768x1159.jpg 768w, https:\/\/aquarium-priem.de\/wp-content\/uploads\/2019\/11\/vivalineLED150_eichegrau_0816-679x1024.jpg 679w\" sizes=\"(max-width: 331px) 100vw, 331px\" \/>\t\n\t\t<\/div>\n\t<!-- \/image-wrap -->\n    \n    \t<\/div>\n<!-- \/module image -->                    <\/div>\n                            <\/div>\n                        <div  data-lazy=\"1\" class=\"module_column tb-column col4-2 tb_72vw222 last\">\n                                                        <div class=\"tb-column-inner tf_box tf_w\">\n                        <!-- module text -->\n<div  class=\"module module-text tb_ae7a056  repeat  wow\" data-tf-animation=\"fadeInRight\" data-lazy=\"1\">\n        <div  class=\"tb_text_wrap\">\n    <h3>vivalineLED 150\u00a0 LED<\/h3>\n<ul>\n<li>Gr\u00f6\u00dfe : 150 Liter<\/li>\n<li>Beleuchtung : LED<\/li>\n<li>Farben : In allen hier abgebildeten Farben erh\u00e4lt<\/li>\n<li>F\u00fcr alles weitere kontaktieren Sie uns<\/li>\n<\/ul>    <\/div>\n<\/div>\n<!-- \/module text -->                    <\/div>\n                            <\/div>\n            \t    <\/div>\n\t    <!-- \/row_inner -->\n\t<\/div>\n\t<!-- \/module_row -->\n\t\t\t\t<!-- module_row -->\n\t<div  data-css_id=\"skfg777\" data-lazy=\"1\" class=\"module_row themify_builder_row fullwidth_row_container tb_skfg777 tf_w tf_clearfix\">\n\t    \t\t\t<div class=\"row_inner col_align_middle tb_col_count_2 tf_box tf_rel\">\n\t\t            <div  data-lazy=\"1\" class=\"module_column tb-column col4-2 tb_zzrn790 first\">\n                                                        <div class=\"tb-column-inner tf_box tf_w\">\n                        <!-- module text -->\n<div  class=\"module module-text tb_puhb209  repeat  wow\" data-tf-animation=\"fadeInLeft\" data-lazy=\"1\">\n        <div  class=\"tb_text_wrap\">\n    <h3>vivalineLED 180 LED<\/h3>\n<ul>\n<li>Gr\u00f6\u00dfe : 180 Liter<\/li>\n<li>Beleuchtung : LED<\/li>\n<li>Farben : In allen hier abgebildeten Farben erh\u00e4lt<\/li>\n<li>F\u00fcr alles weitere kontaktieren Sie uns<\/li>\n<\/ul>    <\/div>\n<\/div>\n<!-- \/module text -->                    <\/div>\n                            <\/div>\n                        <div  data-lazy=\"1\" class=\"module_column tb-column col4-2 tb_3mk8299 last\">\n                                                        <div class=\"tb-column-inner tf_box tf_w\">\n                        <!-- module image -->\n<div  class=\"module module-image tb_hfpu020   image-top tf_mw wow\" data-tf-animation=\"fadeInRight\" data-lazy=\"1\">\n        <div class=\"image-wrap tf_rel tf_mw\">\n\t\t    <img src=\"https:\/\/aquarium-priem.de\/wp-content\/uploads\/2019\/11\/vivalineLED180_weiss_grau_0716-913x1024-445x500.jpg\" height=\"500\" class=\"wp-post-image wp-image-326\" title=\"vivalineLED180_weiss_grau_0716\" alt=\"vivalineLED180_weiss_grau_0716\" srcset=\"https:\/\/aquarium-priem.de\/wp-content\/uploads\/2019\/11\/vivalineLED180_weiss_grau_0716-913x1024-445x500.jpg 445w, https:\/\/aquarium-priem.de\/wp-content\/uploads\/2019\/11\/vivalineLED180_weiss_grau_0716-268x300.jpg 268w, https:\/\/aquarium-priem.de\/wp-content\/uploads\/2019\/11\/vivalineLED180_weiss_grau_0716-768x861.jpg 768w, https:\/\/aquarium-priem.de\/wp-content\/uploads\/2019\/11\/vivalineLED180_weiss_grau_0716-913x1024.jpg 913w\" sizes=\"(max-width: 445px) 100vw, 445px\" \/>\t\n\t\t<\/div>\n\t<!-- \/image-wrap -->\n    \n    \t<\/div>\n<!-- \/module image -->                    <\/div>\n                            <\/div>\n            \t    <\/div>\n\t    <!-- \/row_inner -->\n\t<\/div>\n\t<!-- \/module_row -->\n\t\t\t\t<!-- module_row -->\n\t<div  data-css_id=\"q8fd002\" data-lazy=\"1\" class=\"module_row themify_builder_row fullwidth_row_container tb_q8fd002 tf_w tf_clearfix\">\n\t    \t\t\t<div class=\"row_inner col_align_middle tb_col_count_2 tf_box tf_rel\">\n\t\t            <div  data-lazy=\"1\" class=\"module_column tb-column col4-2 tb_29kw490 first\">\n                                                        <div class=\"tb-column-inner tf_box tf_w\">\n                        <!-- module image -->\n<div  class=\"module module-image tb_kqkc700   image-top tf_mw wow\" data-tf-animation=\"fadeInLeft\" data-lazy=\"1\">\n        <div class=\"image-wrap tf_rel tf_mw\">\n\t\t    <img src=\"https:\/\/aquarium-priem.de\/wp-content\/uploads\/2019\/11\/vivalineLED240_weiss_0816-1024x1000-512x500.jpg\" height=\"500\" class=\"wp-post-image wp-image-327\" title=\"vivalineLED240_weiss_0816\" alt=\"vivalineLED240_weiss_0816\" srcset=\"https:\/\/aquarium-priem.de\/wp-content\/uploads\/2019\/11\/vivalineLED240_weiss_0816-1024x1000-512x500.jpg 512w, https:\/\/aquarium-priem.de\/wp-content\/uploads\/2019\/11\/vivalineLED240_weiss_0816-300x293.jpg 300w, https:\/\/aquarium-priem.de\/wp-content\/uploads\/2019\/11\/vivalineLED240_weiss_0816-768x750.jpg 768w, https:\/\/aquarium-priem.de\/wp-content\/uploads\/2019\/11\/vivalineLED240_weiss_0816-1024x1000.jpg 1024w\" sizes=\"(max-width: 512px) 100vw, 512px\" \/>\t\n\t\t<\/div>\n\t<!-- \/image-wrap -->\n    \n    \t<\/div>\n<!-- \/module image -->                    <\/div>\n                            <\/div>\n                        <div  data-lazy=\"1\" class=\"module_column tb-column col4-2 tb_cn0q002 last\">\n                                                        <div class=\"tb-column-inner tf_box tf_w\">\n                        <!-- module text -->\n<div  class=\"module module-text tb_q2s3220  repeat  wow\" data-tf-animation=\"fadeInRight\" data-lazy=\"1\">\n        <div  class=\"tb_text_wrap\">\n    <h3>vivalineLED 240\u00a0 LED<\/h3>\n<ul>\n<li>Gr\u00f6\u00dfe : 240 Liter<\/li>\n<li>Beleuchtung : LED<\/li>\n<li>Farben : In allen hier abgebildeten Farben erh\u00e4lt<\/li>\n<li>F\u00fcr alles weitere kontaktieren Sie uns<\/li>\n<\/ul>    <\/div>\n<\/div>\n<!-- \/module text -->                    <\/div>\n                            <\/div>\n            \t    <\/div>\n\t    <!-- \/row_inner -->\n\t<\/div>\n\t<!-- \/module_row -->\n\t<\/div>\n<!--\/themify_builder_content-->","protected":false},"excerpt":{"rendered":"<p>VIVALINE PRODUKTE vivalineLED 126\u00a0 LED Gr\u00f6\u00dfe : 126 Liter Beleuchtung : LED Farben : In allen hier abgebildeten Farben erh\u00e4lt Preis : 309\u20ac ohne Inhalt F\u00fcr alles weitere kontaktieren Sie uns vivalineLED 150\u00a0 LED Gr\u00f6\u00dfe : 150 Liter Beleuchtung : LED Farben : In allen hier abgebildeten Farben erh\u00e4lt Preis : 399\u20ac ohne Inhalt F\u00fcr [&hellip;]<\/p>\n","protected":false},"author":2,"featured_media":0,"parent":0,"menu_order":0,"comment_status":"closed","ping_status":"closed","template":"","meta":[],"builder_content":"<h1>VIVALINE PRODUKTE<\/h1>\n<h3>vivalineLED 126\u00a0 LED<\/h3> <ul> <li>Gr\u00f6\u00dfe : 126 Liter<\/li> <li>Beleuchtung : LED<\/li> <li>Farben : In allen hier abgebildeten Farben erh\u00e4lt<\/li> <li>F\u00fcr alles weitere kontaktieren Sie uns<\/li> <\/ul>\n<img src=\"https:\/\/aquarium-priem.de\/wp-content\/uploads\/2019\/11\/vivalineLED126_anthrazit_0816-802x1024-391x500.jpg\" height=\"500\" title=\"vivalineLED126_anthrazit_0816\" alt=\"vivalineLED126_anthrazit_0816\" srcset=\"https:\/\/aquarium-priem.de\/wp-content\/uploads\/2019\/11\/vivalineLED126_anthrazit_0816-802x1024-391x500.jpg 391w, https:\/\/aquarium-priem.de\/wp-content\/uploads\/2019\/11\/vivalineLED126_anthrazit_0816-235x300.jpg 235w, https:\/\/aquarium-priem.de\/wp-content\/uploads\/2019\/11\/vivalineLED126_anthrazit_0816-768x981.jpg 768w, https:\/\/aquarium-priem.de\/wp-content\/uploads\/2019\/11\/vivalineLED126_anthrazit_0816-802x1024.jpg 802w\" sizes=\"(max-width: 391px) 100vw, 391px\" \/>\n<img src=\"https:\/\/aquarium-priem.de\/wp-content\/uploads\/2019\/11\/vivalineLED150_eichegrau_0816-679x1024-331x500.jpg\" height=\"500\" title=\"vivalineLED150_eichegrau_0816\" alt=\"vivalineLED150_eichegrau_0816\" srcset=\"https:\/\/aquarium-priem.de\/wp-content\/uploads\/2019\/11\/vivalineLED150_eichegrau_0816-679x1024-331x500.jpg 331w, https:\/\/aquarium-priem.de\/wp-content\/uploads\/2019\/11\/vivalineLED150_eichegrau_0816-199x300.jpg 199w, https:\/\/aquarium-priem.de\/wp-content\/uploads\/2019\/11\/vivalineLED150_eichegrau_0816-768x1159.jpg 768w, https:\/\/aquarium-priem.de\/wp-content\/uploads\/2019\/11\/vivalineLED150_eichegrau_0816-679x1024.jpg 679w\" sizes=\"(max-width: 331px) 100vw, 331px\" \/>\n<h3>vivalineLED 150\u00a0 LED<\/h3> <ul> <li>Gr\u00f6\u00dfe : 150 Liter<\/li> <li>Beleuchtung : LED<\/li> <li>Farben : In allen hier abgebildeten Farben erh\u00e4lt<\/li> <li>F\u00fcr alles weitere kontaktieren Sie uns<\/li> <\/ul>\n<h3>vivalineLED 180 LED<\/h3> <ul> <li>Gr\u00f6\u00dfe : 180 Liter<\/li> <li>Beleuchtung : LED<\/li> <li>Farben : In allen hier abgebildeten Farben erh\u00e4lt<\/li> <li>F\u00fcr alles weitere kontaktieren Sie uns<\/li> <\/ul>\n<img src=\"https:\/\/aquarium-priem.de\/wp-content\/uploads\/2019\/11\/vivalineLED180_weiss_grau_0716-913x1024-445x500.jpg\" height=\"500\" title=\"vivalineLED180_weiss_grau_0716\" alt=\"vivalineLED180_weiss_grau_0716\" srcset=\"https:\/\/aquarium-priem.de\/wp-content\/uploads\/2019\/11\/vivalineLED180_weiss_grau_0716-913x1024-445x500.jpg 445w, https:\/\/aquarium-priem.de\/wp-content\/uploads\/2019\/11\/vivalineLED180_weiss_grau_0716-268x300.jpg 268w, https:\/\/aquarium-priem.de\/wp-content\/uploads\/2019\/11\/vivalineLED180_weiss_grau_0716-768x861.jpg 768w, https:\/\/aquarium-priem.de\/wp-content\/uploads\/2019\/11\/vivalineLED180_weiss_grau_0716-913x1024.jpg 913w\" sizes=\"(max-width: 445px) 100vw, 445px\" \/>\n<img src=\"https:\/\/aquarium-priem.de\/wp-content\/uploads\/2019\/11\/vivalineLED240_weiss_0816-1024x1000-512x500.jpg\" height=\"500\" title=\"vivalineLED240_weiss_0816\" alt=\"vivalineLED240_weiss_0816\" srcset=\"https:\/\/aquarium-priem.de\/wp-content\/uploads\/2019\/11\/vivalineLED240_weiss_0816-1024x1000-512x500.jpg 512w, https:\/\/aquarium-priem.de\/wp-content\/uploads\/2019\/11\/vivalineLED240_weiss_0816-300x293.jpg 300w, https:\/\/aquarium-priem.de\/wp-content\/uploads\/2019\/11\/vivalineLED240_weiss_0816-768x750.jpg 768w, https:\/\/aquarium-priem.de\/wp-content\/uploads\/2019\/11\/vivalineLED240_weiss_0816-1024x1000.jpg 1024w\" sizes=\"(max-width: 512px) 100vw, 512px\" \/>\n<h3>vivalineLED 240\u00a0 LED<\/h3> <ul> <li>Gr\u00f6\u00dfe : 240 Liter<\/li> <li>Beleuchtung : LED<\/li> <li>Farben : In allen hier abgebildeten Farben erh\u00e4lt<\/li> <li>F\u00fcr alles weitere kontaktieren Sie uns<\/li> <\/ul>","_links":{"self":[{"href":"https:\/\/aquarium-priem.de\/index.php\/wp-json\/wp\/v2\/pages\/43"}],"collection":[{"href":"https:\/\/aquarium-priem.de\/index.php\/wp-json\/wp\/v2\/pages"}],"about":[{"href":"https:\/\/aquarium-priem.de\/index.php\/wp-json\/wp\/v2\/types\/page"}],"author":[{"embeddable":true,"href":"https:\/\/aquarium-priem.de\/index.php\/wp-json\/wp\/v2\/users\/2"}],"replies":[{"embeddable":true,"href":"https:\/\/aquarium-priem.de\/index.php\/wp-json\/wp\/v2\/comments?post=43"}],"version-history":[{"count":33,"href":"https:\/\/aquarium-priem.de\/index.php\/wp-json\/wp\/v2\/pages\/43\/revisions"}],"predecessor-version":[{"id":706,"href":"https:\/\/aquarium-priem.de\/index.php\/wp-json\/wp\/v2\/pages\/43\/revisions\/706"}],"wp:attachment":[{"href":"https:\/\/aquarium-priem.de\/index.php\/wp-json\/wp\/v2\/media?parent=43"}],"curies":[{"name":"wp","href":"https:\/\/api.w.org\/{rel}","templated":true}]}}